t z(m) = m**2 - 9*m + 2. Let x be z(10). Let c be 52/x*(-12)/(-2). Suppose -3*w - c = -5*w. Is w a prime number?
True
Let u = -10 + -36. Is (2 - -4)*u/(-4) a prime number?
False
Suppose -a + 22 + 589 = 0. Is a composite?
True
Suppose -3*v = -5*w + 3, 2*v - 29 = -3*v - 3*w. Suppose -v*q - q = -35. Is 255/35 - 2/q a prime number?
True
Let u = -10 - -12. Suppose u*n + 6 = -n, 2*w = 2*n + 32. Is w prime?
False
Suppose 0 = -5*y + y + 460. Suppose -4*w = -233 - y. Let d = 2 + w. Is d a composite number?
False
Suppose 5*l + 4*u - 11 = 0, 3*u = 5*l + 4*u - 14. Let t = -6 + 9. Suppose k = q - 0*q + 14, t*q = -l. Is k a prime number?
True
Suppose -3*t + 4 = -2*t. Suppose 1323 - 4007 = -t*u. Is u composite?
True
Let s = 67 + -33. Is s prime?
False
Let c(a) = -30*a - 7. Is c(-11) a composite number?
True
Let l(t) = 9*t**2 + t + 1. Suppose 5 = 4*c - z - 1, z - 12 = -5*c. Let k = c - 3. Is l(k) prime?
False
Suppose -3*q = -4*q + 3*a + 29, 0 = 3*q - 5*a - 95. Is q composite?
True
Let b(d) = 4 + 5*d**3 + 0*d - 2*d - 2*d**3. Let y be 2/6 + (-24)/(-9). Is b(y) a composite number?
False
Let n(a) = -a**3 - a - 1. Let o = -3 - -3. Let p be n(o). Is 21 + 3/(p + 4) a composite number?
True
Let n(f) = -293*f - 52. Is n(-6) a composite number?
True
Let n = -64 + 128. Suppose -5*y + 0*j - 4*j + 71 = 0, 4*y - n = 4*j. Is y composite?
True
Is (863/4)/(21/84) a prime number?
True
Let m = 269 + -182. Is m prime?
False
Suppose -5*s + 5*h = -15, 2*h + 4 + 2 = -3*s. Suppose w - 3*q - 385 = s, -5*q - 1573 = -4*w - 4*q. Is w a prime number?
False
Let k be (2 - -1)*(-20)/(-12). Let b be k + ((-9)/(-3) - 2). Suppose b*g = g + 185. Is g prime?
True
Let c(g) = 14*g**2 - 4*g + 3. Let h = 3 + 1. Is c(h) a composite number?
False
Let y(q) = q - 2. Let h be y(6). Suppose h*g + 78 = 594. Is g a prime number?
False
Suppose -14*y = -9*y - 1265. Is y a prime number?
False
Let q = 1196 + -549. Is q a prime number?
True
Let d(s) = -12*s**2 - 2*s + 1. Let f be d(-2). Let a = 64 + f. Suppose 9 + a = 2*p. Is p a composite number?
True
Let b = 6 - 8. Let m be (-69)/(-12) - b/8. Is (-433)/(-5) - m/(-15) a prime number?
False
Suppose 0 = 5*g + 181 - 981. Let t = -93 + g. Is t composite?
False
Suppose -254 = -m - m. Is m prime?
True
Let y = 32 - 18. Is y composite?
True
Let h = -796 + 1177. Suppose d - 4*d = -h. Is d a composite number?
False
Let i = -561 + 3284. Is i a composite number?
True
Let d(v) = -190*v + 1. Is d(-1) composite?
False
Let t(a) = 486*a + 1. Is t(2) prime?
False
Let z = 19 + -8. Let b = z - -3. Is b composite?
True
Suppose 3*h + 3*j + 32 = 371, -592 = -5*h + 4*j. Is (-1)/2*6 + h a composite number?
False
Let j(u) be the first derivative of 134*u**3/3 - u + 2. Is j(1) composite?
True
Suppose 3*z - 1761 = -w, -w - 159 + 1916 = 4*z. Suppose -4*h - w = 727. Is h/(-7) - (-8)/(-28) a composite number?
False
Let y = 1268 - 687. Is y a composite number?
True
Let x(l) = 3*l**2 + l. Let h be x(-1). Suppose 3*f - 5*d - 40 = -2*f, 5*f - 61 = -h*d. Is f composite?
False
Let j(c) = -c**2 - 3*c + 4. Let a be j(-3). Let k = a - 1. Suppose 0 = -4*f - k*m + 1186, -f + 427 = -4*m + 140. Is f composite?
True
Suppose -h = -5*j + 293, 4*h = 2*j + j - 169. Is j prime?
True
Let r = 3557 - 1774. Is r a prime number?
True
Suppose -5*i - 5 = -5*t, 3*i + 2*t - 2 = -0*t. Suppose i = -j - 15 + 62. Is j a prime number?
True
Suppose 1465 = 2*x + 3*x. Is x a composite number?
False
Suppose 5*b - 4*j - 591 = 0, -5*b + 241 = -5*j - 349. Is b a prime number?
False
Suppose -m - 21 + 43 = 0. Is m prime?
False
Let x = -64 + 84. Suppose 0 = 2*n - 6*n + 10672. Is n/x - (-4)/(-10) a composite number?
True
Suppose 0 = -8*x + 3*x + 225. Let f = 10 - x. Let i = -24 - f. Is i composite?
False
Let c be (-95)/15 - (-1)/3. Let k(g) = -2 - 7 - 7*g**2 - g**3 - 8*g + 0. Is k(c) composite?
False
Suppose -47 = p + 2*n - 370, 3*n = -2*p + 643. Is p prime?
True
Let h = 11 - 7. Suppose -c - 1025 = -6*c. Suppose 0 = h*l + 5*q - c, 3*l + q = -0*l + 162. Is l a prime number?
False
Suppose -5*v + 115 + 35 = 0. Suppose -3*h = -v - 27. Is h a prime number?
True
Let k(o) = 3*o**2 - 7*o + 3. Let a be (-4)/(-18) + (-104)/(-18). Is k(a) composite?
True
Is (2 - 94)/(-4 - -2) composite?
True
Let x = 8 - 4. Suppose 3*t = x*t - 22. Is t a composite number?
True
Suppose 0 = 2*u - 14 - 66. Is 6290/u + 1/(-4) a prime number?
True
Suppose 0 = -5*j + 8087 - 2792. Is j a prime number?
False
Is 5 + (-390)/(-25) + 2/5 composite?
True
Suppose 0 = 8*t - 3*t - 265. Is t a composite number?
False
Let u(c) = 41*c**2 + 3*c - 6. Let a be 90/21 + (-2)/7. Let y be u(a). Suppose -3*k = -k - y. Is k a prime number?
True
Let b(y) be the first derivative of -y**4/4 + 10*y**3/3 + 9*y**2/2 - 5*y - 6. Is b(9) composite?
False
Is 2/((-28)/(-161)*(-1)/(-38)) a composite number?
True
Suppose 2*g - 5*y - 6 = 4, 4*y - 61 = -3*g. Is g prime?
False
Let m(o) = -2 + 2*o - o - 2. Let y(r) = -5. Let g(t) = 6*m(t) - 5*y(t). Is g(8) prime?
False
Suppose -32*j - 15483 = -35*j. Is j a composite number?
True
Let m(q) = 43*q - 10. Is m(3) composite?
True
Suppose 0*k + 2*k = -8, -5*h - 4*k - 1 = 0. Suppose h*j = j + 706. Is j a composite number?
False
Suppose 3 = c, 25 = -2*r + 4*r + 5*c. Suppose d + 1 = -r*q + 2*d, 5*q - 2*d + 2 = 0. Suppose 5*i - 35 + 11 = -3*o, q = 4*i - 2*o - 6. Is i composite?
False
Let u = -22 + 321. Is u a prime number?
False
Suppose -2*f = -480 - 154. Suppose -818 = 3*h - 2006. Suppose 0 = -4*w - k + f, -6*w + h = -w + k. Is w a prime number?
True
Suppose -4*s - 2*n = -0*n - 4558, -3*s + 3426 = -n. Is s composite?
True
Let d = -31 - -64. Suppose -3*g = -4*g + d. Is g a prime number?
False
Let q(l) = -l**3 + 7*l**2 - 8*l + 8. Let i be q(6). Let w(m) = 4*m**3 + m**2 - 4*m - 5. Let s be w(i). Is s/(-7) + 6/21 prime?
False
Let j(p) = 3*p + 3. Is j(6) a prime number?
False
Let z = 92 + 66. Is z a composite number?
True
Let m be -2*(3/(-3))/1. Suppose -m*w - 1 + 5 = 0. Suppose -w*a - 2 = -x - 29, -31 = -a + 4*x. Is a prime?
True
Let k = -60 - -355. Is k a prime number?
False
Let k = 96 - 7. Is k a prime number?
True
Suppose -v - 8 = -3*v. Suppose -2*f = 2*w - 110, -v*f + w = -f - 181. Suppose -f - 34 = -3*u. Is u a prime number?
True
Suppose -33*a = -35*a + 2338. Is a a prime number?
False
Let o(y) = y**2 + 6*y - 8. Let h be o(-8). Let j(i) = i**2 + 11*i - 9. Is j(h) prime?
False
Suppose -3*v + 1447 = 11*j - 12*j, -12 = 3*j. Is v composite?
True
Let a(o) = -o**3 + 7*o**2 - 5*o - 7. Let x be a(6). Is (-207)/(-6) - x/(-2) prime?
False
Let u = 660 + -343. Is u a prime number?
True
Suppose 0 = 4*y - 0*l - l - 1780, y = -3*l + 445. Suppose h - y = -o - 2*o, o + h - 147 = 0. Is o a composite number?
False
Let v = 5 - 5. Suppose -h - 2*h = v. Suppose -3*n - 3*x + 48 = h, 5*n + 4*x - 23 = 52. Is n a prime number?
True
Let m = 617 + -286. Is m prime?
True
Suppose -5*r - 65 = 5*w, -3*r - w = 11 + 18. Let a be (-334)/r + 1/4. Suppose a = 2*d - 106. Is d composite?
True
Let h = 23 + -8. Suppose 5*r = -0*r + h. Let c(g) = 4*g**3 - 3*g**2 - 4. Is c(r) composite?
True
Suppose -4*y + 7653 = -y. Is y a prime number?
True
Suppose 2*o = -0*o + 102. Is o composite?
True
Let x be (-4)/(-10) + (-173)/(-5). Let j = x - -135. Suppose 0 = 2*h - 7*h + j. Is h a composite number?
True
Let y be (-2913)/(-12) + (-2)/(-8). Suppose 3*f + z + y - 604 = 0, 103 = f - 4*z. Is f a composite number?
True
Let x = -625 - -1248. Is x a composite number?
True
Let r = -18 + 17. Is (46*r)/(1 - 3) a prime number?
True
Let g be (-2)/8 - (-72)/32. Let p = 28 - g. Is p a composite number?
True
Suppose 3*f = 2*f - 2. Let z = 91 + f. Is z prime?
True
Suppose -7 = -3*f - 2*r, -5*f + 2*r + 1 = -0*r. Let v = 17 - f. Is 350/8 - 12/v composite?
False
Let a = 363 + -242. Is a composite?
True
Is 2 + 85 + 0 + (-11 - -13) composite?
False
Suppose -o - 3*o + 404 = 0. Suppose -4*a + 103 = -0*q + 5*q, 5*q + 3*a = o. Is q a prime number?
True
Let r = -9 + 55. Is r a prime number?
False
Suppose 4*c - 2*x = 956, -3*c + 4*x = -7*c + 956. Is c a composite number?
False
Is (-5 + 1 + -1)*-2 a prime number?
False
Let j(o) = 4*o**2 + 10*o + 12. Let m(l) = 6*l**2 + 15*l + 18. Let n(c) = 8*j(c) - 5*m(c). Let q be n(-5). Let s = q - -6. Is s a composite number?
False
Let x be (-2 - -111) + 2*1. Suppose 4*b = 7*b - x. Is b a composite nu